etermine z(-5).
10
Let p(m) = m**3 + 7*m**2 + 11*m + 11. Let h be p(-5). Let x(q) = -9*q + 42. Let w be x(h). Let l(a) = -4*a - 7 + 2*a**2 - 3*a**2 - 9*a. What is l(w)?
5
Let y(a) be the first derivative of -a**7/840 - a**6/72 + 7*a**5/120 + 3*a**4/8 + a**3/3 + 4*a**2 - 19. Let p(r) be the third derivative of y(r). Give p(-6).
3
Let i(y) = -4*y - 1. Let t be -57*((-24)/(-9))/(-8). Let s = -13 + t. Suppose 8 = -s*d + 2. Determine i(d).
3
Suppose -13*x - 30 = 2*x. Let t(d) = -2*d**3 + 6*d**2 + 9*d + 7. Let q(i) = i**3 - 6*i**2 - 8*i - 6. Let p(k) = x*t(k) - 3*q(k). Calculate p(-4).
12
Let v(c) be the first derivative of -19*c**2 - 15*c + 10652. Determine v(3).
-129
Let y(c) = 3*c - 2*c**2 + 4*c**2 - 2 - 3*c**2. Let s(v) = -3*v**3 - 26*v**2 - 55*v + 5. Let h be s(-5). Calculate y(h).
-12
Let v = 1630 + -97799/60. Let d(g) be the third derivative of 0*g + v*g**5 + 31*g**2 + 0 - 5/12*g**4 + 1/2*g**3. Give d(8).
-13
Let w be 6 + (6 + -1)*(-2 - (-49)/35). Let o(c) = 11*c - 3. What is o(w)?
30
Let j(o) = o - 7. Suppose -26 = -3*k - 5*q, -8 = 2*k - 6*q + 3*q. Suppose -3*d + 55 = -2*a + k*d, -2*d - 32 = a. Let p be (44/(-6))/(20/a). Calculate j(p).
4
Let j(i) = -46*i + 143. Let m(u) = -59*u + 145. Let x(n) = 7*j(n) - 6*m(n). Give x(-4).
3
Let o(u) = -u**3 + 7*u**2 + 2*u + 2. Let d(v) = -20*v + 2*v**2 - 3*v**2 - 2028 + 2016. Let q be d(-19). Calculate o(q).
16
Let o = -24 - -31. Let v(n) = n + 9. Let t be v(o). Suppose 3*r + 2*y - t = 0, -2*y = -0*r + 2*r - 10. Let p(c) = c**2 - 7*c + 4. Give p(r).
-2
Let m(g) be the third derivative of g**6/120 + 11*g**5/60 - g**4 + 31*g**3/6 - 74*g**2 + 8*g + 1. Determine m(-13).
5
Let j(o) = -10*o + 10. Let f(p) = -7*p + 7. Let m(a) = -7*f(a) + 5*j(a). Let u(i) = -2*i**3 + 4*i**2 + 42*i - 2. Let h be u(0). Calculate m(h).
3
Let x = -9 + 14. Let v(d) = -2*d**3 + 12*d**2 + 8*d + 11. Let i(h) = -3*h**3 + 23*h**2 + 16*h + 20. Let b(u) = x*v(u) - 3*i(u). Calculate b(-8).
-5
Let u(o) = 5*o. Let a be u(2). Let z(s) be the third derivative of -s**4/24 + 5*s**3/3 - s**2 + 187. Calculate z(a).
0
Let p(w) = -61 - 56 - 54 - 8*w + 172. Let z be 1*(-4 - -5)*1. Calculate p(z).
-7
Let h be 903/(-387) + (-16)/6. Let d(k) = k**3 + 12*k**2 + k + 3. Give d(h).
173
Let k(p) = 38*p**3 - 67*p**2 - 78*p - 55. Let x(f) = -7*f**3 + 13*f**2 + 15*f + 11. Let o(c) = 2*k(c) + 11*x(c). Calculate o(9).
92
Let a(n) = -13*n**3 - 2*n + 1. Suppose -205*w = -391*w - 372. What is a(w)?
109
Suppose 0 = -38*j - 24*j. Let y(m) be the third derivative of j - m**2 - 3*m + 1/24*m**4 + 5/2*m**3. Calculate y(0).
15
Let p(u) = -u**2 - 15*u - 22. Let y be (399/(-266))/(-2 - 39/(-18)). Give p(y).
32
Let m(b) = 544*b**2 + 5*b + 52. Let t be m(6). Let f(u) = -8 - 19667*u**2 + t*u**2 + 3*u + u. What is f(6)?
-20
Let m(a) = a**2 + 2. Suppose -x - 5*s + 6*s + 4 = 0, -4*x - 3*s - 12 = 0. Suppose -19*c = -x*c. Give m(c).
2
Let c(g) = 5*g**3 + 11*g**2 - 5*g - 2. Let r(s) = s**3 + s**2 - s + 1. Let n(k) = c(k) - 4*r(k). Let h = 261 - 268. Determine n(h).
1
Suppose 0 = 4*q - 0*q - 8. Suppose 5*p - 3*m + 12 = 0, 5*p + q*m - 11 + 3 = 0. Let g(o) = -376 + 757 - o**3 - 372 - o**2. Determine g(p).
9
Let s(j) = j**2 - 236*j + 23. Let v(q) = 5*q**2 - 1255*q + 116. Let a(i) = 16*s(i) - 3*v(i). Suppose 3*g - g = 16. Determine a(g).
-4
Let i(u) = 2*u + 2. Let k be i(6). Let q(b) = b**2 + 210 - 14*b - 385 + 176. Give q(k).
1
Let w(o) = 8*o**2 - 16*o - 6*o**3 - 9 + 14*o + 11*o**3 - 4*o**3. Determine w(-8).
7
Let n(t) = 4488 - 9*t + t**2 + 4503 - 8997. Give n(7).
-20
Let l(s) = 4*s**2 + 0*s**3 - 36 - 9*s**3 + 11*s + 0*s**3 - s**3 + 9*s**3. Calculate l(4).
8
Let f = 578 - 575. Let r(a) = 8*a - 1. Let y(o) = o - 10. Let v be y(9). Let g(w) = 1. Let c(n) = v*r(n) + 2*g(n). What is c(f)?
-21
Let u(s) = -s**2 + 14*s - 19. Let w(o) = 2*o**3 - 40*o**2 + 71*o + 31. Let m be w(18). What is u(m)?
-6
Let r(p) = p + 21. Let d(i) = -5*i - 16. Let s(m) = -4*d(m) - 3*r(m). What is s(1)?
18
Let z(f) = f**2 - 6*f - 19. Let l(p) = -p**3 - 8*p**2 + 26*p - 66. Let u be l(-11). Let a(k) = 3*k**2 - 14*k - 57. Let y(v) = u*z(v) - 4*a(v). What is y(-11)?
8
Let k(o) = 36*o**2 + 46 + 0*o + 9*o + 36*o**2 + 73*o**2 - 134*o**2 - o**3. Determine k(12).
10
Let a(r) = -r + 1. Suppose 6*i - 8 = 4*i. Suppose -4*o + 5 = -4*b + 1, 1 = -3*o + i*b. Suppose s + 5*g = 32, 2*s - o*g = s - 18. Calculate a(s).
-6
Let x = 391 + -387. Let f(v) be the third derivative of -v**5/60 - v**4/8 + 2*v**3/3 - 18*v**2 + 5. What is f(x)?
-24
Let s(x) be the third derivative of -x**5/60 - x**4/24 - x**3/6 - 4*x**2. Let l = 359 - 673. Let o = l - -316. What is s(o)?
-7
Let z(b) = b**3 - 16*b**2 + 39*b - 657. Let m be z(16). Let x(v) = -5*v - 148. Give x(m).
17
Let j be 2/(14/(-35)) + 2 + -2. Let m(s) = s**3 + 7*s**2 + 11*s + 8. Calculate m(j).
3
Let o = 29 + -21. Suppose -o*g + 254 = 62. Suppose -8*h = -4*h + g. Let a(s) = s**2 + 5*s + 3. Calculate a(h).
9
Let o be (5 + 1 - 1) + (-32)/(-8). Suppose -o*p + 560 + 106 = 0. Suppose p*v = 70*v - 16. Let z(h) = -h**3 - 5*h**2 - 3*h + 4. Determine z(v).
0
Suppose 4*z - h - 124 = 0, 0 = -2*z - h + 94 - 26. Let x(k) = -2*k + 32 - 63 + z. Calculate x(4).
-7
Let x(k) be the second derivative of -7/2*k**3 + 4*k + 0*k**2 + 0 + 1/120*k**5 + 1/4*k**4. Let n(f) be the second derivative of x(f). Calculate n(-3).
3
Let m(u) = -4 - 13 + 753*u - 755*u. What is m(-4)?
-9
Let z(d) = -6*d - 8*d + 51 + 19*d + 4. What is z(-11)?
0
Suppose 20*c - 71 - 127 = 42. Let b(o) = o - 68. What is b(c)?
-56
Let g(p) be the third derivative of p**5/60 - p**4/24 - 2*p**3/3 + 214*p**2 - 9. Give g(3).
2
Let f = 210 + -185. Suppose 28*x - 24 = f*x. Let c(p) = -3*p**2 - 9 - p**3 + 4*p - 11*p + 12*p**2. What is c(x)?
-1
Let b(j) = 4*j**2 - 4*j - 18. Let a(z) be the third derivative of z**5/30 - z**4/8 - 5*z**3/3 - 97*z**2 + 2. Let i(x) = 5*a(x) - 3*b(x). What is i(4)?
-40
Let x(c) = 2*c - 2. Suppose 4*h - z = -588, 8*z = 5*z. Let q = -228 + 86. Let u = q - h. Determine x(u).
8
Let m(b) = 7*b**3 + 2*b**2 - 1. Let x = 7 + -10. Let l(z) = 2*z + 4. Let w be l(x). Let c be 18/21 - w/14. Give m(c).
8
Let q(w) = -2*w**2 + 21*w - 51. Let o(d) = d**3 - 19*d + 3. Let m be o(0). Calculate q(m).
-6
Let j = 50 - 34. Let h(y) = -j*y + 2 - 2. Let p = -6340 - -6341. What is h(p)?
-16
Suppose -103 = -4*w + 45. Let x = -35 + w. Let u be -3 - 1/(x/(-16)*-2). Let o(h) = -h - 8. Determine o(u).
-1
Let p(z) be the third derivative of -z**4/8 + 16*z**3/3 - 1202*z**2. Give p(11).
-1
Let z(k) = 7*k**3 - 6*k**2 - 10*k - 12. Let r(u) = -19*u**3 + 17*u**2 + 26*u + 36. Let v(j) = -4*r(j) - 11*z(j). What is v(-5)?
33
Let l = 27870 + -27807. Let q(b) = b**2 - 56*b - 444. What is q(l)?
-3
Let d(z) = -17*z**3 + 27*z**2 - 41*z + 16. Let s(l) = 27*l**3 - 41*l**2 + 63*l - 25. Let b(r) = 8*d(r) + 5*s(r). Give b(10).
-27
Suppose -2*m - m + 28 = -2*t, 0 = -4*m + 3*t + 38. Let z(g) = -g - 3. Let p(n) = 2*n + 2. Let i(u) = 2*p(u) + 3*z(u). What is i(m)?
3
Let u(l) = -l**3 - 13*l**2 - 11*l + 1. Let d(q) = q**3 + 9*q**2 - 11*q - 24. Let j be d(-10). Let z(a) = -a**2 - 12*a + 16. Let x be z(j). What is u(x)?
-11
Let f(q) = -2*q + 8. Let h(p) = -2*p**3 + 72*p**2 - 14*p + 507. Let y be h(36). Give f(y).
2
Let y = 21 - 13. Let w(x) = 2*x - 8. Let j be -3 + -1 + 26 + -17. Let f(g) = -3*g + 12. Let b(n) = j*f(n) + y*w(n). What is b(3)?
-1
Let q(c) = 1 + 2*c**2 - 9 - 2086063*c + 2086057*c. What is q(-4)?
48
Let w(i) = -i**3 + 10*i**2 - 12*i + 12. Let c be 4*((-15)/6)/((-70)/63). What is w(c)?
-15
Let l(p) = -11 + 976*p - 1 - 1 - 969*p. Calculate l(23).
148
Suppose -570 = 100*a + 230. Let m(t) = -t**3 - 7*t**2 + 8*t + 19. Give m(a).
19
Let i be -4 - (-41 + -2 + 3). Let z = i - 34. Let r(v) = v**2 + 2. Calculate r(z).
6
Let b(h) = -3*h**3 + 2*h**2 + 42 - 21 - 20 + 6*h**3. Let a be b(-1). Let d(o) = 2*o + 9. Calculate d(a).
9
Let j(t) be the second derivative of t**5/20 - 5*t**4/12 - t**3/6 - 5*t**2/2 + 5*t + 124. Let o be 3/2*(-10)/(-3). Calculate j(o).
-10
Let p(g) = g**2 + g - 20. Suppose -58 = 13*d - 162. Let b be 0/(d - 8 - -3). Determine p(b).
-20
Suppose -3*d + t = 2*t - 4, -3*t = 15. Let b(g) = -1 - d*g**2 - g**3 - 4 + 5 - 3. What is b(-3)?
-3
Let r(d) = -5*d**2 - d + 1. Let z(n) = 21*n + 239. Let h be z(-11). Let o be (24 - h) + -12 - (1 - -1). Give r(o).
-21
Let w(q) be the 